 Let s = 1 + -1. Let i be h(s). Suppose 2*g + 3 = -i, -2*u + 2*g + 56 = 0. List the prime factors of u.
2, 13
Let d(n) = -n - 6. Let p be d(-10). Suppose p = -2*i + 4*i. Suppose 2*c - c - i*j = 38, 0 = -3*c + 4*j + 122. List the prime factors of c.
2, 23
Let p = 8112 - -3229. List the prime factors of p.
11, 1031
Suppose 7*z - 10940 = 4467. What are the prime factors of z?
31, 71
Suppose 3*f = -18, -20*v - 3*f = -17*v - 22164. List the prime factors of v.
2, 3697
Suppose d = -17*d - 162. What are the prime factors of (185 + d + 3)*(1 - -6)?
7, 179
Let t be (-74)/(-14) + 18/(-63). Let j(v) be the first derivative of 2*v**3/3 - v**2/2 - 11*v + 24. List the prime factors of j(t).
2, 17
Suppose -3*s + 57 = 2*j, -4*s + 7*j = 4*j - 93. Let x = s - -48. Suppose -x = 4*b - 281. What are the prime factors of b?
53
Let j = -66 - -70. Suppose 5*a + 8*w = 3*w + 20, j*a - 3*w - 37 = 0. What are the prime factors of 1045/9 - a/63?
2, 29
List the prime factors of (-21)/(4/(-30) + 7/(-14595)*-263).
3, 7, 139
Suppose 0*c = -6*c + 990. Let f = c + -116. Suppose -i = 2*j - 42, 7 = -i - 3*j + f. List the prime factors of i.
2, 3, 7
Suppose -t - 1002 = 731. Let g = t + 2546. What are the prime factors of g?
3, 271
Suppose 17838 = 52*x - 10*x - 30756. List the prime factors of x.
13, 89
List the prime factors of -6483*(32/(-24) + 0/(-3)).
2, 2161
Suppose 3*h - w - 715 = w, 2*h - w - 477 = 0. Suppose -5*p = h - 734. Let v = -25 + p. What are the prime factors of v?
2, 37
Let r = -33 + 232. Suppose -r - 41 = -d. List the prime factors of d.
2, 3, 5
Let l = -25833 + 46498. What are the prime factors of l?
5, 4133
Let i(b) = -b**3 - 3*b**2 - 7*b + 5. Let q(f) = f - 4. Let m be q(-2). List the prime factors of i(m).
5, 31
Let b = 20 + -24. Let o be 10/55 + b/22. Let j(k) = -k**2 + k + 25. List the prime factors of j(o).
5
Let v(o) = 15*o**2 - 1. Let b be v(-1). Suppose -2 = 4*i - b. Suppose i*m - 5*d - 145 = 0, 5*m + 4*d = d + 287. List the prime factors of m.
5, 11
Let x(b) be the second derivative of -b**4/12 - 13*b**3/3 + 23*b**2 + 8*b. List the prime factors of x(-17).
199
Suppose -158268 = -9*l + 212101 + 333602. What are the prime factors of l?
3, 2897
Suppose 3*n = -4*d + 5 + 4, -d - 4*n + 12 = 0. Suppose d = -19*f + 38*f - 16720. List the prime factors of f.
2, 5, 11
Suppose -20566 - 12521 = -f. List the prime factors of f.
3, 41, 269
Suppose 22*i - 65911 = 18569. List the prime factors of i.
2, 3, 5
Let x(b) = -6*b + 48. Let g be x(20). Let h = -2 - g. Suppose 0 = -4*n + l + h + 183, n + 2*l - 70 = 0. List the prime factors of n.
2
Let q = 36100 - -13255. List the prime factors of q.
5, 9871
Suppose 3*x - 2*k + 3*k = 21054, -5*x + 35090 = -5*k. List the prime factors of x.
2, 11, 29
Suppose -3*i = -2*a + 8850, -4*a - 5*i = -30058 + 12336. What are the prime factors of ((3/9)/1)/(4/a)?
3, 41
Let c(b) = -15*b - 88. Let z be c(-6). Suppose -5*x - 4*v + 1227 = -z*v, -2*x + v + 489 = 0. List the prime factors of x.
5, 7
Let k = -54673 + 76759. What are the prime factors of k?
2, 3, 409
Let v(l) = -6*l**2 + 5*l**2 - 37*l + 0*l**2 + 41 - 13. What are the prime factors of v(-17)?
2, 23
Let b(x) = -2*x - x**3 + 18*x**2 + 25 - 25 + 0*x - 42. Let l(q) = q**3 - 17*q**2 + q + 42. Let p(s) = -5*b(s) - 6*l(s). What are the prime factors of p(12)?
2, 3
What are the prime factors of ((-473529)/(-63) - -28) + (-4)/(-6)?
3, 5, 503
Let z(q) = 0*q**2 + 8*q**2 + 2 + 4*q**2 - 14*q - q**3 + 1. Let b be z(10). Let m = b + 10. What are the prime factors of m?
73
Suppose 12 = 4*f + 64. Let h = -25 - f. List the prime factors of (-1950)/(-14) - h/(-42).
139
Let b be 32*(4 + -3) + -3. Let o = -27 + b. List the prime factors of (o/(-8))/(2/(-344)).
43
Suppose 0 = -16*t + 11*t + 25. Suppose 0 = m - t*p - 504, -4*p + 3*p = 4. Suppose -m = -3*g - 169. What are the prime factors of g?
3, 5, 7
Let g be (2/(-2))/((-44)/(-132)). Let y(b) = 52*b**2 - 11*b - 17. What are the prime factors of y(g)?
2, 11
Let a = 51286 - 29159. What are the prime factors of a?
7, 29, 109
Let l(w) = 4*w**2 + 13*w + 13. Let n be l(-4). Suppose 35*t - n*t - 7060 = 0. List the prime factors of t.
2, 353
Let u = 65 + -54. Suppose -3*v + 32 = -u*v. List the prime factors of 46*(-2 - 14/v).
3, 23
Let q be (-4 + 3566)/2 + 30/(-5). Suppose -f = -q + 572. List the prime factors of f.
3, 401
Let h = -430 - -2598. Let w be (6/(-14) - h/168)*141. What are the prime factors of (((-6)/(-5))/1)/((-16)/w)?
3, 47
Let a be (-4 - (-8 + 4))/2. Suppose 2*b = l - 243, 0 = 4*l + b - a*b - 954. Suppose -l - 40 = -3*d. List the prime factors of d.
3, 31
Suppose -5*z + 29420 = 5*x, -2*x + 13050 - 1282 = z. What are the prime factors of x?
2, 1471
Suppose -o = 5*f + 10 - 7, -2*f - 3 = o. Suppose -4*g + 14*g - 2360 = f. What are the prime factors of g?
2, 59
Let l(q) = 4*q + 26. Suppose -4*g + 3*m - 31 - 37 = 0, -5*g - 74 = -m. Let k be l(g). List the prime factors of (-2455)/(-30) + (-5)/k.
2, 41
Let q = -17681 + 27556. What are the prime factors of q?
5, 79
Let c(i) = i**3 - 33*i**2 + 60*i + 63. Let y be c(31). Let w be (-10)/35 + (-262)/14. Let p = y - w. List the prime factors of p.
2, 5
Let j be ((-18)/(-6))/((1/(-1))/5). Let g(c) = -c**2 + c. Let t be g(2). What are the prime factors of -6 + (2 - -1) + (t - j)?
2, 5
Let y = 134 + -240. Let o = y + 73. Let f = 66 + o. List the prime factors of f.
3, 11
Suppose -375 = 6*f - 1605. Let j = 17 - 15. Suppose -10 = j*z, 3*h - z - f = 61. List the prime factors of h.
3, 29
Suppose -3*j + 31 = 4*x - 7, -3*x = -5*j - 14. Suppose -963 - 149 = -x*d. What are the prime factors of d?
139
Let p(l) = 20*l**2 + 68*l + 3269. What are the prime factors of p(-48)?
5, 13, 709
Suppose 82377 = 3*b - r, 50009 + 59831 = 4*b - 2*r. List the prime factors of b.
27457
Suppose 165 - 9 = 6*v. Suppose -4247 = -v*b + 5087. What are the prime factors of b?
359
Suppose -o = -3*j + 2*o + 36, 0 = 3*j - 5*o - 32. Suppose -j*q + 242 = -1984. List the prime factors of q.
3, 53
Suppose 0 = -3*a - 2*l + 18184 + 3740, -7318 = -a + l. List the prime factors of a.
2, 457
Let k = 470 + -868. Let r = -104 - k. List the prime factors of r.
2, 3, 7
Suppose -7*v + 0*v + 3269 = 0. Suppose -j = -4, 3*b - 5*j + 7*j - v = 0. Let o = b + -88. List the prime factors of o.
5, 13
Suppose -3043*w = -3036*w - 70833. List the prime factors of w.
3, 3373
Suppose -5*i = 4*w - 1714, i - 339 = 7*w - 4*w. Let m = i + -278. What are the prime factors of m?
2
List the prime factors of (2166/(-7))/((-25)/(-50)*4/(-14)).
2, 3, 19
Let h(b) be the second derivative of -47*b**5/10 - b**4/6 - b**3/3 - b**2/2 + 5*b. What are the prime factors of h(-2)?
3, 83
Let x(f) = -41 + 2*f**2 - 70 + f**3 - 19 + 16*f - 14*f**2. What are the prime factors of x(13)?
13, 19
Suppose 31 = 10*h - 9. What are the prime factors of (7/(-14))/(h/(-1760))?
2, 5, 11
Suppose -22*t + 21*t + 42 = 0. Let i = t - -229. List the prime factors of i.
271
Suppose 4*n - 1094 = -5*o, 5*o - 366 = 6*n - 1982. What are the prime factors of n?
271
Suppose 5*h = 990 - 280. Let s = 2012 + -2081. Let y = h + s. List the prime factors of y.
73
Let g = 14045 - 7295. List the prime factors of g.
2, 3, 5
Let x be (-2)/(-2) + -21 + 23. Let t(s) = 6*s - 15. Let p(m) = 3*m - 7. Let f(c) = x*t(c) - 5*p(c). What are the prime factors of f(15)?
5, 7
Suppose 2*f = -3*h + 1337, 2*h - h + 2*f - 443 = 0. Let i = h + -57. What are the prime factors of i?
2, 3, 5, 13
Let u(v) = -44*v**2 - 41*v**2 + 3*v**3 + 12 + 83*v**2 + 0*v**3 + 6*v. Let k be u(6). Suppose -4*b = -4*d - k, b + d - 182 = -20. List the prime factors of b.
3, 53
Let a(m) = m**3 - 16*m**2 + 17*m - 24. Let o be a(15). Suppose -o*l + 3611 = -763. What are the prime factors of l?
3
Suppose -430 = -10*f + 1610. Suppose -3*d + 549 = f. List the prime factors of d.
5, 23
Let r(s) = 2*s + 2066. What are the prime factors of r(11)?
2, 3, 29
Let m = 12607 + -6088. What are the prime factors of m?
3, 41, 53
Let h(q) = -6*q**2 - 51*q - 19. Let a be h(-8). Suppose a*o - 13*b - 2780 = -14*b, 3*o + 2*b = 1661. List the prime factors of o.
557
Let a(s) = s**2 - 5*s - 13. Suppose 39 = -3*f - 5*w - 169, -f = 2*w + 69. Let z = f - -67. List the prime factors of a(z).
23
Let j = 22 + -18. Suppose 11 = -h - j*v, -h + 69 = -4*h - 3*v. What are the prime factors of (-2)/3